 8. Let y be l(-4). Suppose -10*j = y - 2. What is c(j)?
6
Let s be 8/(2 + 2) + -8. Let j = s - -9. Suppose -3 - j = -2*f. Let a(g) = -3*g - 3. Calculate a(f).
-12
Let b be 1/(68/12 + -6). Let r(p) = -5*p - 10. Calculate r(b).
5
Suppose 3*y - 21 = 51. Suppose 2*v = -2*v + y. Let h(p) = -15*p**2 + 3*p - 16. Let l(o) = 7*o**2 - 2*o + 8. Let d(q) = -6*h(q) - 13*l(q). Calculate d(v).
4
Let x(q) = 2588*q**3 - 1299*q**3 - 23*q**2 - 46 - 2*q - 1290*q**3. Give x(-23).
0
Suppose 0 = -4*w - 4*q + 32 + 16, -4*w + 21 = -5*q. Let g(l) = -4*l**2 - 21*l + 9. Let d(f) = -f**2 - 5*f + 2. Let z(k) = w*d(k) - 2*g(k). Give z(-5).
-10
Let a(c) = 8*c - 5. Let q(z) = -11*z + 4. Let k(u) = -3*a(u) - 2*q(u). What is k(7)?
-7
Let m(u) = -6*u - 1. Suppose 8*d + 0*d = 48. Let n be 1 + -2 - (3 - d). What is m(n)?
-13
Let f(z) = z**2 - 6*z + 3. Suppose 328 + 410 = 9*c. Let d = -76 + c. Calculate f(d).
3
Let d(v) be the second derivative of v**5/20 - 5*v**4/12 + v**3/6 - 7*v**2/2 + 8*v + 21. Suppose 3*g + 20 = 7*g. Calculate d(g).
-2
Let h(i) = -i**2 - 9*i - 8. Let l be 1 + -4 - (-90 - -95). Give h(l).
0
Let n(c) = -227*c + c**2 - 227*c + 686*c - 220*c - 6. What is n(-15)?
39
Let l(n) = -12*n + 2. Let o(r) = 5*r - 1. Let h(b) = 2*l(b) + 5*o(b). Determine h(-2).
-3
Let z(b) = 2*b**3 + 15*b**2 - 13*b - 6. Let l(y) = -y**3 - y**2 + 2. Let k(x) = -3*l(x) - z(x). Calculate k(11).
22
Let t = -6 + 0. Let a(p) = -11*p**2 - 9*p - 2. Let u(b) = 9*b**2 + 8*b + 1. Let o(j) = 4*a(j) + 5*u(j). Calculate o(t).
9
Let s(i) = 5*i**3 - 20*i**2 + 2*i. Let a(y) = 14*y**3 - 56*y**2 + 5*y + 1. Let l(o) = 6*a(o) - 17*s(o). Calculate l(4).
-10
Let u(x) be the second derivative of -x**8/6720 + x**7/2520 + x**5/120 + 19*x**4/12 - 11*x. Let l(j) be the third derivative of u(j). Give l(2).
-3
Let u(w) be the first derivative of -w**4/2 - w**2/2 + w + 223. Calculate u(-2).
19
Let b(t) = -3*t**2 + 13*t + 8. Let q(c) = -4*c**2 + 15*c + 9. Let p(v) = -5*b(v) + 4*q(v). What is p(-5)?
-4
Let v(y) be the first derivative of -y**3/3 + 4*y - 6. Give v(0).
4
Let d(k) = k**2 - 11*k - 11. Let v be -1*2/(-1) + 0 + 8. Calculate d(v).
-21
Let d = 8 + -2. Let q = d + -11. Let s(a) = 0 + 4 + 0 - a. Give s(q).
9
Let f = 950 - 949. Let c(q) = 3*q - 7. Calculate c(f).
-4
Let q(y) be the third derivative of 1/120*y**6 + 0*y - 1/6*y**3 + 0*y**4 - 2/15*y**5 + 16*y**2 + 0. What is q(8)?
-1
Let b(k) = k**3 + k**2 + k + 10. Let m be b(0). Let j = m - 7. Let i(u) be the third derivative of -u**4/24 - 6*u**2. What is i(j)?
-3
Suppose 2*b + 40 = -4*m, -15*b + 11*b - 3*m - 60 = 0. Let s(w) = -w**2 - 8*w + 55. Calculate s(b).
7
Let c(k) be the second derivative of -k**5/20 - k**3/3 + 3*k**2/2 + 3*k - 19. Give c(0).
3
Let q(f) be the third derivative of -f**4/24 + f**3/6 - f**2. Suppose 3*r + 2 = 20. Calculate q(r).
-5
Let v(x) = x**2 + 11*x - 29. Let j = -4 + -9. Let d be v(j). Let n(h) = -6*h - 4. Give n(d).
14
Let l be ((-16)/(-6))/(1/(-3)). Let c(w) be the first derivative of 7/3*w**3 + 5*w - 4*w**2 + 1/4*w**4 + 8. What is c(l)?
5
Let o(g) = g**3 + 6*g**2 - g - 1. Suppose 5*a - 69 = 8*a. Let i = 23 + a. Suppose i = -2*y - 8 - 4. Calculate o(y).
5
Let r be (5 + -1 + -5 - -1)/2. Let q(g) = g**3 - g**2 - g + 2. Calculate q(r).
2
Let f = -23 + 18. Let g(i) = 4*i**2 - 5. Let q(y) = -7*y**2 + 9. Let w(m) = f*g(m) - 3*q(m). Determine w(-2).
2
Let q(h) be the third derivative of -5*h**4/24 + h**3/6 - 9*h**2 - 2*h. What is q(-1)?
6
Let a(w) be the first derivative of w**7/840 - w**6/360 - w**5/40 - w**3/3 + 2. Let g(q) be the third derivative of a(q). Let n = -11 + 14. Determine g(n).
9
Let n(m) be the first derivative of -m**7/840 - m**6/45 - m**5/24 + m**4/3 - 2*m**3/3 - 14. Let c(x) be the third derivative of n(x). Determine c(-7).
-6
Suppose 2*c + 5 = 3*c. Let h(l) = 5*l**2 + 7*l + 12. Let b(i) = 3*i**2 + 2*i**2 - 4*i**2 + 3 - 2*i + 4*i. Let s(r) = 9*b(r) - 2*h(r). Give s(c).
-2
Let w(s) = -s + 5. Suppose n + o = 23, 5*n - 6*o + 8*o - 127 = 0. Let r = n + -18. Give w(r).
-4
Let h(s) = -s**3 + 5*s**2 - 4*s - 4. Let o = 327 + -323. What is h(o)?
-4
Let h(g) = 608*g - 14 - 4 - 609*g. Calculate h(-12).
-6
Let h(p) be the third derivative of -p**6/720 - p**5/40 - 3*p**4/8 + 9*p**2. Let x(q) be the second derivative of h(q). What is x(6)?
-9
Let c(q) = -q**2 - 2*q + 3. Let z(o) = o**3 - 2*o**2 - 6*o + 4. Let p be z(-2). Suppose p = -r - 5*k - 31, r - k = -2*k - 11. Determine c(r).
-21
Let a(h) = 5*h**2 + 2*h - 2. Let s(f) = 7*f**2 + 2*f - 1. Let l(b) = -3*a(b) + 2*s(b). What is l(6)?
-44
Let n = -81 + 77. Let s(u) = u**2 + u + 1. Let j(k) = 3*k**2 - 8*k + 1. Let f(b) = n*s(b) + j(b). Determine f(-12).
-3
Let a(i) = i**3 - 5*i**2 + 3. Let r be (2/(-2))/(1 - 2). Let f be -4 + r - (1 - -2). Let p be ((-5)/(-4))/(f/(-24)). What is a(p)?
3
Let f(v) = -v**3 + v - 7. Let g(j) = 2*j + 5. Let t be g(0). Let r(d) = d**2 - 3*d - 8. Let y be r(t). Let o be 0*(3 - y)*1. Calculate f(o).
-7
Let u(o) = 43*o**3 + o**2 + 2*o + 1. Let z be 2 - 5 - (5 - 7). Calculate u(z).
-43
Let v be (-128)/(-192) - (-7)/3. Let f(z) = -z + 3. Calculate f(v).
0
Let s(c) = -c**2 - 4*c + 8. Suppose 5*r - 314 + 14 = 0. Let g be (-2 - r/(-25))*-15. Calculate s(g).
-4
Suppose -129*m = -128*m - 1. Let s(r) = -2*r**3 + 2*r**2 + r + 6. Let p(v) = -v**3 + v**2 + 1. Let d(y) = m*p(y) - s(y). Give d(0).
-5
Let t(j) be the first derivative of j**3/3 - 19*j**2/2 + 24*j - 11. Let m be t(18). Let i(v) = -v + 5. Give i(m).
-1
Let y = -799 - -797. Let b(p) = -6*p - 6. What is b(y)?
6
Suppose -158 + 70 = 11*d. Let t(w) = w**3 + 7*w**2 - 9*w - 12. What is t(d)?
-4
Let r(u) = 21*u**2 + 3*u + 6. Let z(o) = 22*o**2 + 4*o + 7. Let q(l) = -6*r(l) + 5*z(l). What is q(1)?
-15
Let x(a) = a**3 - 8*a**2 - 3*a + 7. Suppose k + 3*f = -2*f + 23, 4*k = 2*f + 26. Suppose 32*c - 33*c + k = 0. Determine x(c).
-17
Let j(s) be the second derivative of s**4/12 + 2*s**3/3 + 3*s**2 + 9*s. Let y = 3 + -2. Let w(b) = -5*b**2. Let d be w(y). Calculate j(d).
11
Let p(n) = -2*n. Suppose -19*h = -9*h - 70. Calculate p(h).
-14
Let t(m) = -2*m**2 - 7*m - 3. Let n be t(-3). Let v(f) = -3*f**3 - 4*f**2 - f + 8. Let x(g) = g**3 + g**2 - 1. Let p(j) = -v(j) - 4*x(j). Determine p(n).
-4
Let v = -26 + 28. Suppose 8 = -2*w, -2*z = z - v*w - 17. Let t(h) = 1 - 6*h - 2*h + z*h. Determine t(-1).
6
Let u = -83 - -91. Let p(w) = -w + 1. Calculate p(u).
-7
Let n(f) = f**3 - 4*f**2 - 5*f - 1. Let k(x) = 5*x. Suppose 10*y + 2 = 9*y. Let m be ((-2)/(-4))/((-1)/y). Let w be k(m). Give n(w).
-1
Let h(w) = -4*w + 3*w**2 + 2 - 2*w**2 - w**3 + 2*w**2. Let a(t) = t**2 - 6*t + 7. Let r be a(5). Give h(r).
-2
Let n(s) = -s - 3. Let u be n(-6). Let m(o) = -o**2 + 35 + o - 41 + u*o. Determine m(4).
-6
Let u(k) = -k**2 - 3*k + 1. Let j(n) = -4*n**2 - 15*n + 10. Let x(q) = 2*j(q) - 6*u(q). Determine x(-7).
0
Let f be (-11)/((-99)/(-162)) - -10. Let n(g) = 14*g**2 - 38*g - 2. Let v(s) = 5*s**2 - 13*s - 1. Let y(k) = 6*n(k) - 17*v(k). Determine y(f).
-3
Let g(z) = -7*z**2 - 2*z + 1. Let l = -28 + 32. Suppose 1 = 3*i - 2*i - 4*o, -5*i + l*o + 5 = 0. Determine g(i).
-8
Suppose -4 = 4*w, 4*f - 6*f + 5*w + 9 = 0. Let a(p) = p - p**3 + 0*p**2 - 22 + 4*p**f + 21. Calculate a(3).
11
Suppose -7 = v - 3*n - 3, -n + 20 = 2*v. Suppose 4 = -2*j + v. Let k(d) = -8*d - 7*d**2 + 3*d - 4 - 3*d + 8*d**j. What is k(8)?
-4
Suppose -5*d + 20 = 4*v, -2*v - 16 = -4*d - 4*v. Let h be -4*1 + 1 + 8. Let x(t) = -5*t**2 + t**3 + 4 - 4 - 5 + 6 + h*t. What is x(d)?
5
Let j(z) = -2*z**2 + z**2 + 0*z**2 + 3*z. Let u = -3999 - -4003. What is j(u)?
-4
Let m = 7 + -5. Let n(c) be the first derivative of -1 - c**2 - m*c + 0 + 7*c. Determine n(5).
-5
Let y(i) = 11*i**3 + 11*i**2 - i - 5. Let r(k) = -2*k**3 - k**2 + k + 1. Let b(v) = 5*r(v) + y(v). Let z = -10 + 6. Determine b(z).
16
Let g(p) = p**2 - 16*p + 58. Let o be g(7). Let i(y) = -3*y**2 - 2*y**2 - 7 - y**3 + 0*y - 3*y. Calculate i(o).
8
Let s(o) = -o + 4. Suppose 4*x - 5*g - 10 = -5, 0 = x + 3*g - 14. What is s(x)?
-1
Suppose 36*p - 5*b - 43 = 33*p, -3*b = -4*p + 39. Let x(c) = c**2 - 3*c - 14. Determine x(p).
4
Let y(r) = 5*r + 1. Let z(i) = -14*i - 3. Let q(p) = 11*y(p) + 4*z(p). Let m(a) = 4*a**2 + 96*a - 102. Let d be m(-25). Determine q(d).
1
Let l(o) = o**3 + 6*o**2 - 7*o + 3. Suppose 20*t = 15*t - 35. Calculate l(t).
3